 - 1847*s + 68. What is v(6)?
-34
Let u(w) = -w**3 - 206*w**2 - 1424*w - 44742. Determine u(-200).
58
Let s(t) = -355*t - 380. Give s(1).
-735
Let s(i) = -i**3 + 69*i**2 - 406*i + 5505. Calculate s(64).
1
Let q(l) = -2*l**3 + 277*l**2 + 2793*l + 2812. Calculate q(148).
0
Let z(g) = -78*g**3 + 91*g**2 + 6*g - 12. Give z(1).
7
Let h(a) = 6*a**3 - 51*a**2 + 68*a - 1585. Calculate h(10).
-5
Let m(b) = -3*b**3 - 32*b**2 + 363*b + 3951. Give m(-11).
79
Let h(o) = o**2 - 109*o + 2172. What is h(22)?
258
Let o(k) = 3443*k - 333644. Give o(97).
327
Let k(m) = -m**3 + 126*m**2 + 420*m - 4468. Give k(129).
-211
Let u(d) = 2*d**3 - 46*d**2 - 1387*d + 32211. Give u(25).
36
Let q(n) = n**3 - 155*n**2 - 138*n - 3659. What is q(156)?
-851
Let f(b) = -49*b**2 + 1512*b - 1707. Calculate f(30).
-447
Let g(q) = -1559*q + 567436. Give g(364).
-40
Let n(s) = 3420*s - 112868. What is n(33)?
-8
Let q(z) = 6371*z - 95375. What is q(15)?
190
Let t(z) = 188*z - 8543. What is t(45)?
-83
Let b(m) = -m**3 + 400*m + 2711. What is b(-9)?
-160
Let d(x) = -4462*x - 4851. Determine d(-1).
-389
Let a(w) = 1023693*w - 1023719. What is a(1)?
-26
Let a(s) = -19*s**2 - 399*s - 117. What is a(-18)?
909
Let v(h) = -7*h**2 - 1044*h + 7643. Calculate v(7).
-8
Let f(a) = 5*a**3 + 429*a**2 + 4026*a - 1796. Determine f(-75).
4
Let z(x) = 6*x**3 - 15*x**2 + 2519*x - 12600. Give z(5).
370
Let m(z) = -z**3 - 48*z**2 + 1272*z - 10. Calculate m(-67).
57
Let z(r) = -2*r**3 - 53*r**2 - 322*r + 191. What is z(-6)?
647
Let a(f) = -6*f**2 - 26*f - 171. Calculate a(-12).
-723
Let z(k) = 261011*k + 1305063. Give z(-5).
8
Let l(g) = -103*g**3 - 1131*g**2 - 31*g - 578. Give l(-11).
5
Let t(q) = -6*q**3 + 2051*q**2 - 5765*q + 636. Determine t(339).
-42
Let j(h) = 1272*h + 10196. Give j(-8).
20
Let r(k) = k**3 + 82*k**2 - 615*k + 825. Give r(-89).
113
Let k(o) = o**3 + 75*o**2 + 155*o + 662. Determine k(-73).
5
Let x(i) = -25*i**2 - 200*i + 19195. Determine x(24).
-5
Let b(i) = 68*i + 8536. Calculate b(-123).
172
Let o(u) = 116*u**3 + 3026*u**2 + 260*u - 8. Give o(-26).
-8
Let z(c) = 4*c**3 - 70*c**2 - 38*c - 63. Determine z(18).
-99
Let a(t) = -11*t**3 + t**2 + 11*t + 1. Calculate a(-1).
2
Let f(o) = 466*o**3 - 6*o**2 + 20*o - 14. Calculate f(1).
466
Let m(a) = -584*a - 139078. Calculate m(-237).
-670
Let w(j) = 18*j**3 + 432*j**2 - 3*j - 97. Calculate w(-24).
-25
Let r(n) = -2*n**3 - 29*n**2 - 96*n - 5. Give r(-5).
0
Let r(j) = -6108*j + 1459810. Determine r(239).
-2
Let m(v) = -18886*v - 207983. Give m(-11).
-237
Let x(r) = -402*r - 648. Give x(-14).
4980
Let y(n) = -n**3 - 80*n**2 - 47*n - 4164. Calculate y(-80).
-404
Let v(j) = 524*j - 6891. Calculate v(16).
1493
Let x(b) = 2567*b - 485239. Determine x(189).
-76
Let c(k) = 6*k**2 - 235*k - 236. What is c(40)?
-36
Let f(c) = 2*c**2 - 6732*c + 4147695. Give f(812).
-1
Let v(i) = 3279*i - 167194. Give v(51).
35
Let w(l) = 22*l**2 + 656*l + 3882. Calculate w(-6).
738
Let l(x) = 32*x**3 + 5840*x**2 + 2878*x - 6199. Calculate l(-182).
-11
Let w(i) = -i**2 + 82100*i + 410522. What is w(-5)?
-3
Let s(j) = 940*j - 4735. Determine s(5).
-35
Let y(t) = -228*t - 17135. Determine y(-76).
193
Let l(u) = -94*u**2 - 16032*u - 8839. Give l(-170).
1
Let n(m) = -483965*m + 1451854. Determine n(3).
-41
Let h(n) = 19*n**2 + 12600*n + 62522. Determine h(-5).
-3
Let x(i) = -i**3 - 163*i**2 + 177*i + 2062. Determine x(-164).
-70
Let a(p) = 2*p**2 - 147*p - 40166. What is a(183)?
-89
Let k(t) = 3*t**2 + 204*t - 1772. Calculate k(9).
307
Let r(m) = -m**3 + 13*m**2 + 13*m - 145. Give r(11).
240
Let w(b) = 10*b**3 - 2301*b**2 + 199*b + 7145. Give w(230).
15
Let w(b) = 2*b**3 - 6*b**2 + 93*b - 659. Determine w(6).
115
Let s(z) = 3*z**2 + 78*z - 2083. What is s(16)?
-67
Let t(f) = -403*f + 70610. Determine t(175).
85
Let t(c) = -463*c + 2601. Determine t(5).
286
Let p(w) = 25788*w - 128293. Give p(5).
647
Let d(u) = -26*u**2 + 83518*u + 418241. Determine d(-5).
1
Let n(g) = -46170*g + 415704. Calculate n(9).
174
Let u(m) = -810319*m + 5672238. Calculate u(7).
5
Let m(o) = -4551*o + 86478. Calculate m(19).
9
Let p(t) = 1061*t + 5884. Calculate p(-5).
579
Let f(v) = -7*v**3 + 19*v**2 - 5292*v + 10510. Give f(2).
-54
Let v(w) = 8*w**3 - 2*w**2 - 269*w + 2149. Calculate v(8).
3965
Let l(d) = -20*d**3 - 659*d**2 + 20*d - 439. Give l(-33).
-10
Let o(m) = 75*m + 9164. Give o(-103).
1439
Let y(g) = 18*g**2 - 4032*g + 8071. Determine y(2).
79
Let f(z) = -2*z**2 - 3052*z + 40022. Determine f(13).
8
Let z(j) = 509321*j - 1527940. Give z(3).
23
Let r(o) = 2*o**3 + 298*o**2 + 6960*o + 396. What is r(-120)?
396
Let j(r) = 21265*r - 212651. Calculate j(10).
-1
Let t(m) = 2409*m - 534784. Determine t(222).
14
Let k(b) = -3377*b - 9804. Determine k(-3).
327
Let x(u) = -127*u**3 + 8002*u**2 - 129*u + 4137. What is x(63)?
-21
Let b(z) = 412*z**3 + 1647*z**2 - 19*z - 72. Calculate b(-4).
-12
Let o(t) = -4*t**2 - 99*t - 1033. Give o(-17).
-506
Let l(u) = 84*u**2 - 1161*u - 51. What is l(14)?
159
Let u(l) = -l**3 + 106*l**2 - 412*l + 414. Give u(102).
6
Let k(s) = -s**3 + 322*s**2 - 693*s + 16967. Give k(320).
7
Let q(d) = d**3 - 1149*d**2 - 24576*d - 127. Give q(-21).
-1
Let m(h) = 249385*h + 46884395. Give m(-188).
15
Let t(l) = 20*l**3 - 179*l**2 - 36*l + 256. Determine t(9).
13
Let x(n) = 21969*n + 3383226. Calculate x(-154).
0
Let t(m) = -2*m**2 + 247*m - 4231. Give t(103).
-8
Let d(t) = 3*t**2 - 10420*t - 31260. Calculate d(-3).
27
Let u(m) = -52358*m + 470860. Calculate u(9).
-362
Let d(f) = 25*f**2 - 695*f + 4732. Calculate d(9).
502
Let n(b) = 3*b**3 + 939*b**2 - 948*b - 1838. Calculate n(-314).
46
Let u(i) = -2*i**3 + 19*i**2 + 2713*i + 29179. Calculate u(-22).
-15
Let c(f) = 3*f**2 + 144*f - 34010. Give c(-133).
-95
Let l(a) = a**2 + 381*a - 5268. Calculate l(13).
-146
Let u(x) = -x**3 + 20*x**2 - 135*x + 175. Determine u(5).
-125
Let n(o) = -2237*o - 13446. Determine n(-6).
-24
Let r(h) = -53*h**2 + 991*h - 3465. What is r(14)?
21
Let n(o) = 23*o**3 - 3244*o**2 + 141*o + 22. Give n(141).
22
Let n(i) = -7*i**2 + 365*i + 4281. Give n(62).
3
Let x(u) = u**3 - 14*u**2 + 34*u - 152. Determine x(12).
-32
Let z(m) = m**3 - 35*m**2 + 107*m + 1955. Determine z(29).
12
Let f(h) = -5630*h + 56228. Give f(10).
-72
Let c(v) = 104*v + 363. Give c(-8).
-469
Let j(s) = s**2 + 271*s - 5571. What is j(20)?
249
Let z(m) = -7*m**3 + 1051*m**2 - 136*m - 2102. Calculate z(150).
-2
Let g(q) = 3*q**2 - 156*q - 371. Calculate g(57).
484
Let d(i) = -408*i**2 - 195840*i + 103. Give d(-480).
103
Let w(l) = -l**2 - 695*l + 3494. Calculate w(5).
-6
Let u(g) = 187*g + 14911. Calculate u(-82).
-423
Let o(d) = -387*d - 208594. What is o(-539)?
-1
Let c(q) = -3341*q**2 + 110249*q + 116. Determine c(33).
-16
Let o(z) = -1259*z**2 - 1494*z - 227. Determine o(-1).
8
Let a(z) = 719*z - 393368. Calculate a(547).
-75
Let v(h) = 451370*h + 7221922. What is v(-16)?
2
Let a(k) = 21*k**2 - 1536*k - 7680. Determine a(-5).
525
Let r(u) = u**2 - 146*u + 3771. Determine r(69).
-1542
Let m(a) = 58*a - 4211. Calculate m(-16).
-5139
Let f(t) = -t**2 - 146355*t - 1024437. What is f(-7)?
-1
Let i(j) = -427*j - 23453. Determine i(-55).
32
Let j(h) = h**3 + 105*h**2 + 1937*h - 205. Calculate j(-81).
362
Let z(k) = 59470*k - 13678086. Give z(230).
14
Let f(r) = -1029*r + 2728. Determine f(4).
-1388
Let t(h) = -3*h**2 - 217*h - 4201. Calculate t(-46).
-567
Let i(f) = -2*f**3 - 5320*f**2 + 10676*f - 62. What is i(2)?
-6
Let j(d) = 98038*d + 24411455. Calculate j(-249).
-7
Let r(o) = 52*o - 6744. Give r(132).
120
Let d(q) = 664*q**2 - 626*q + 1743. Give d(3).
5841
Let u(g) = -8796*g**2 - 686090*g - 112. Give u(-78).
44
Let b(q) = -q**2 + 2112*q + 253766. What is b(-114)?
2
Let i(m) = m**3 - 34*m**2 - 50*m + 157. What is i(35)?
-368
Let r(o) = -5*o**2 - 264*o - 3042. What is r(-18)?
90
Let c(p) = -13*p**3 - 99*p**2 + 10*p + 80. Determine c(-8).
320
Let i(z) = 4*z - 582. Determine i(117).
-114
Let p(r) = -r**2 - 3789*r + 262307. What is p(68)?
31
Let z(o) = 1462*o**3 - 12*o**2 + o - 1. Give z(-1).
-1476
Let w(n) = 6*n**2 - 3319*n + 79203. Calculate w(25).
-22
Let c(m) = 382*m**3 - 8788*m**2 + 46*m + 7. Give c(23).
7
Let p(t) = -937*t - 2342. Determine p(-3).
469
Let i(x) = 1759*x + 788098. Give i(-448).
66
Let w(v) = -v**2 + 61786*v + 5. Determ